4 - s = -3*i - 5*o. What is the highest common factor of i and b?
7
Suppose 0 = b - 4*u + 2*u - 4, 5*u = 3*b - 12. Let g be (-3 - 0)/3 + -149. Let d = g + 153. What is the greatest common factor of d and b?
1
Let r be (15/(-6) + 1)*(4 + 6). Let u(j) = j**3 + 16*j**2 + 17*j - 6. Let n be u(r). Let t be (1/4 + (-3)/n)*30. What is the greatest common divisor of 2 and t?
2
Suppose -187 = -7*s + 471. Let c = -50 + s. Calculate the highest common factor of c and 352.
44
Let g(b) = -24*b**3 + 5*b**2 + 7. Let a(y) = y**3 + y**2 + 1. Let u(s) = 6*a(s) - g(s). Let z be u(1). What is the highest common factor of 270 and z?
30
Suppose 11*d + 12*d - 184 = 0. Suppose y = -2, -4*y = -4*w - d*y + 1132. What is the highest common factor of w and 380?
95
Suppose 475 + 645 = 4*z + 5*b, -4*b + 1120 = 4*z. Suppose z = 18*p - 10*p. What is the greatest common divisor of p and 175?
35
Let f = -21303 + 21338. Calculate the greatest common factor of f and 1183.
7
Let d = 72 - -19. Suppose 86*j - d*j + 2160 = 0. Calculate the greatest common factor of j and 54.
54
Suppose -5*c + 65 = 9*r - 4*r, 4*r - 24 = -2*c. Calculate the highest common divisor of c and 21.
7
Let g = 12557 + -9281. Let u(j) = -j + 4. Let q be u(-4). Suppose q*x - x = g. What is the greatest common factor of x and 52?
52
Let m = 301 - 256. Let i(y) be the second derivative of y**5/20 - y**4/3 - 2*y**3/3 - y. Let u be i(5). Calculate the greatest common divisor of m and u.
5
Let p = -925 + 1343. Let q = -7339 - -7361. Calculate the highest common factor of p and q.
22
Let o = -328 + 355. Suppose o*z - 224 = -5*z. Suppose 0 = -3*d - 4*f + 25 - 4, -d + 7 = -4*f. What is the highest common divisor of z and d?
7
Suppose -5*o + 153 = 23. Suppose -o + 22 = -4*i. What is the highest common factor of i and 4?
1
Let g be 51/9*99/(-1)*(85 + -86). What is the highest common factor of g and 231?
33
Let n(h) = 7*h + 471. Let m(w) = 6*w + 471. Let b(q) = -3*m(q) + 4*n(q). Let i be b(-45). What is the greatest common divisor of 777 and i?
21
Suppose -6*f + 4*p = -96, 316*f + 36 = 319*f + 2*p. Let l be -4 + 2 + 32*4. What is the highest common divisor of f and l?
14
Suppose -3*z - 22*z - 849 = -2749. Suppose 0*j + 16 = 2*j. What is the greatest common factor of j and z?
4
Let y be 3*(1 - -5) - 0. Let n = -115 - -118. Let u be -1 + 38 - (n - (-16)/(-8)). What is the highest common divisor of u and y?
18
Let l(y) = y - 20. Let n = -24 + 47. Let m be l(n). Suppose -m*z - 22 = -40. Calculate the highest common factor of z and 6.
6
Let s(y) = 51*y**2 + 54*y + 348. Let v be s(-12). Calculate the highest common divisor of 12 and v.
12
Let n = 10 - 2. Suppose 2*b - 38 = 2*k, 43*k - 45*k - 2 = 0. Calculate the highest common factor of n and b.
2
Let q(b) = b**3 - 9*b**2 - 11*b + 10. Let j be q(10). Suppose 91*c - 98*c + 1512 = j. Calculate the highest common divisor of c and 54.
54
Let o be (-12)/15 + (-58692)/(-365). Let y = 35 - 3. Calculate the greatest common divisor of y and o.
32
Suppose -6250 = 2642*n - 2667*n. Calculate the greatest common divisor of n and 200.
50
Let c(a) = 204*a**2 - 7*a - 1. Let k be c(2). Calculate the highest common factor of 18 and k.
9
Let q(a) = 2*a**3 + 8*a**2 - 10*a + 3. Let h be q(-5). Suppose p - f - 23 = 6, h*p = -5*f + 87. Calculate the greatest common divisor of p and 319.
29
Let r = -159 - -201. Let s(f) = 2*f**3 - 6*f**2 + 34*f - 108. Let z be s(4). What is the highest common divisor of z and r?
6
Let i be (-6)/9 + (-545)/(-3). Let d(v) = -14*v + 402. Let l be d(28). Suppose i - 561 = -l*o. Calculate the highest common factor of o and 19.
19
Let b be 9 + (-4 - 0) - -347. Let n be 16/(-128) - (-257)/8. Calculate the greatest common divisor of n and b.
32
Let x = -3176 - -3236. Calculate the highest common factor of 684 and x.
12
Suppose 9*r + 801 = 198. Let c = 93 + r. Suppose 0 = 4*y + x - 415, 2*y - 153 = 4*x + 59. Calculate the highest common factor of y and c.
26
Suppose -22 = -5*h + m + 3, -2*h + 10 = 4*m. Suppose h*f + 5*w - 70 = 0, f - 10 = 2*w - w. What is the highest common divisor of f and 876?
12
Let s(c) be the first derivative of c**3/3 - 2*c**2 + 46*c + 59. Let w be s(0). What is the greatest common factor of w and 368?
46
Let i = -697 - -1704. Let h = i - 959. Let t(x) = x**2 + 7. Let p be t(-5). Calculate the highest common divisor of p and h.
16
Let r(n) = n + 22. Suppose 0 = f + k + 17, 34 = -2*f - 4*k + k. Let s be r(f). Suppose -c = s - 10. What is the greatest common divisor of 35 and c?
5
Let o be 45*(-15)/(-900)*20. What is the highest common divisor of o and 20715?
15
Suppose -15*z - 80 = -18*z - b, -3*b = -15. What is the highest common factor of 1000 and z?
25
Let a be ((-6)/(-21))/(20/35)*84. What is the greatest common factor of a and 42?
42
Let y = -18 + 26. Let z(d) = d**2 + 29*d + 9. Let p be z(-17). Let m = -193 - p. Calculate the highest common divisor of m and y.
2
Let b(m) = -m**2 - 12*m - 12. Let j be b(-8). Suppose 15*s - j = 5*s. Let x = 56 + -24. What is the highest common factor of s and x?
2
Let l = -3953 + 10403. Calculate the highest common factor of l and 387.
129
Suppose -11*u + 4*v = -58938, 43*v - 26790 = -5*u + 45*v. Calculate the highest common factor of u and 114.
114
Suppose -10*a - 4*a + 13*a = -4056. What is the highest common factor of a and 24?
24
Suppose -67*d + 357210 = 7*d + 115*d. What is the highest common divisor of d and 54?
54
Suppose 161*f - 5*y - 51 = 159*f, -4*f - y = -47. Calculate the highest common divisor of f and 7709.
13
Suppose -2*p - j + 36 = 0, -3 = -2*p + j + 33. Let b be 72 + (-54)/(-33 - -36). Calculate the highest common divisor of p and b.
18
Let w be (4/(-12))/((-2)/24). Let p(u) = 5*u - 11. Let d be p(w). Suppose 5*j - 4*n = 180 - 41, 3*j = 4*n + 85. Calculate the highest common divisor of d and j.
9
Let g be ((-14)/(-4) + -1)*80. Let c(r) = 37*r**2 - 4*r - 15. Let q be c(-4). Suppose -20*d - 93 = -q. What is the highest common divisor of g and d?
25
Let w be (0 + 28)*(-99)/(-6). Let z(c) = c**3 - 6*c**2 + 19*c + 22. Let x be z(4). Calculate the greatest common divisor of x and w.
66
Suppose -239 - 61 = -4*h - 5*g, -5*g - 340 = -4*h. Let w be 650/8 - 20/h. Calculate the greatest common divisor of 135 and w.
27
Let w be 52/7*35364/842. Suppose 4*c = -0*d + 2*d + 164, 0 = 2*c - 3*d - 90. What is the highest common factor of w and c?
39
Let r = 380 - 383. Let h be (-12)/r + (13 - 1). What is the highest common factor of 56 and h?
8
Let d(n) = 5*n**2 - 32*n - 5. Let t be d(6). Let r(s) = s**2 + 12*s - 55. Let i be r(t). What is the greatest common divisor of 18 and i?
6
Suppose 14*x = -138 + 796. Suppose 2*j - 5*l - x = 0, -3*j - 3*l + 0*l = -18. Calculate the highest common factor of 33 and j.
11
Suppose 3*y + 2*s - 17698 = 1977, -y = -2*s - 6569. Calculate the greatest common factor of 81 and y.
81
Let p = -11 + 16. Let j be ((-15)/((-585)/6))/(3/39). Calculate the highest common divisor of p and j.
1
Let m be (-100)/7 + (-24)/14 + 2. Let y be (35/m)/((-3)/6). Let t(n) = -n**3 + 5*n**2 + 5*n + 7. Let b be t(y). Calculate the highest common factor of 32 and b.
32
Suppose 8 = 95*d - 93*d. Suppose -d*b + 18 = -18. Calculate the highest common divisor of 6 and b.
3
Suppose 465*x = 450*x + 3675. What is the greatest common divisor of 637 and x?
49
Suppose 3*v - 4*v = r - 33, 3*r - 103 = -4*v. Suppose -2*a + 4 = 5*n - 15, -a + 29 = 22*n. What is the highest common factor of n and r?
1
Let m be (6/8)/(-2 - 301/(-140)). Suppose -3*a = -3*x - 159, 0 = -m*a + 48*x - 47*x + 249. What is the greatest common divisor of a and 2?
1
Suppose -10*b - l + 10043 = -7*b, -b + l + 3349 = 0. Calculate the greatest common factor of 62 and b.
62
Let l = -59 + 72. Let o(f) = 6 - 4 + 1 + 12*f + 0. Let h be o(3). What is the highest common divisor of h and l?
13
Let g = 1 - -8. Suppose -880 = -32*m + 21*m. Let f = 143 - m. What is the greatest common divisor of f and g?
9
Let f be (3 + (-12)/(-16))/(2/32). Calculate the highest common factor of 1620 and f.
60
Suppose -5*n + 3341 = 2*u, -18 = 5*u - 33. Calculate the greatest common divisor of 184 and n.
23
Let b(r) = 2*r**2 - 20*r - 24. Let n be b(10). Let z(a) = -a**2 - 35*a - 39. Let l be z(n). What is the highest common divisor of l and 90?
45
Let k = -16081 + 33150. What is th